he second derivative of -q**3/2 + q**2/2 + 4*q. Calculate the remainder when m(d) is divided by 6.
4
Suppose 3*k = 7*k - 120. Calculate the remainder when k is divided by 11.
8
What is the remainder when -3 - ((2 - 146) + -2) is divided by 24?
23
Let i(m) = m**2 + 18*m - 5 + 17 - m. Calculate the remainder when 45 is divided by i(-17).
9
Suppose -3*i + n = 6*n - 52, 2*n - 88 = -4*i. What is the remainder when i is divided by 9?
6
Suppose l = -5*n + 63, -4*l + 3*n = -6*l + 133. Calculate the remainder when l is divided by 18.
14
Let y(d) = -26*d. What is the remainder when 47 is divided by y(-1)?
21
Let u = 6 - 4. Suppose -u*d = 2*d - 144. What is the remainder when d is divided by 19?
17
Suppose 3*d - 1 - 44 = 0. What is the remainder when 27 is divided by d?
12
Suppose -5*w + 2*i = -101, 4*w - 34 = -5*i + 27. What is the remainder when 36 is divided by w?
17
Let k = -14 - -29. Let h(m) = -m**3 - 2*m**2 + 5*m + 7. Calculate the remainder when h(-5) is divided by k.
12
Suppose 0 = 22*j - 17*j - 185. Suppose g + 3*t = 25, -5*g - 2*t + 77 = t. What is the remainder when j is divided by g?
11
Suppose -8 = -4*t + 4. Suppose -5*i + 18 = -t*i. Calculate the remainder when 25 is divided by i.
7
Suppose -1 = 3*h - 2*a, 0*a = 5*h - 3*a. Suppose -h*f + 2*f + 33 = 0. What is the remainder when f is divided by 17?
16
Suppose -3*l + 8 = -7. Let r(n) = 8*n + 3. Calculate the remainder when r(l) is divided by (-122)/(-8) - 1/4.
13
Suppose -8*h + 4*h + 312 = 0. Calculate the remainder when h is divided by 40.
38
Suppose 4*r + 1 = 3*z, 5*z + 10*r - 25 = 5*r. Suppose -2 = 5*u - y, z*y = -u + 5*u - 5. Calculate the remainder when 7/7 + (u - -5) is divided by 2.
1
Let d = 35 + -21. Let l be (-3)/9*-4*3. Suppose 32 = l*a - 0*a. Calculate the remainder when d is divided by a.
6
Let z = -4 + 4. Let u(c) = 4*c + z - c - 4. What is the remainder when u(6) is divided by 5?
4
Let q(m) = m**3 - 5*m**2 + 5. Let s = 1 - -4. Let z = s + -2. Calculate the remainder when q(5) is divided by z.
2
Let g be (-7 + 1)*2/1. Calculate the remainder when 14 is divided by 20/(-15)*g/2.
6
Let u(v) be the first derivative of -3*v**2 - 10*v - 2. Let p be u(-7). Suppose 0 = j - 3*j + p. Calculate the remainder when j is divided by 9.
7
Suppose -k + 65 = 4*k. Calculate the remainder when 23 is divided by k.
10
Suppose 3*u - 13 + 6 = -2*q, 4*u - 5*q = 17. Suppose -u*m - 51 + 174 = 0. Calculate the remainder when m is divided by 14.
13
Suppose 4*h + 2 = -4*w - w, -5*h = -2*w + 19. Suppose -2*t + 13 = 3. Calculate the remainder when -4 + 0 + (w - -16) is divided by t.
4
Let j be (0 - 3)*2/(-3). Let b = 3 - -28. Calculate the remainder when b is divided by j/2*(1 - -15).
15
Let o(u) = u**3 - 19*u**2 - 17*u - 2. What is the remainder when o(20) is divided by 12?
10
Suppose 2*d + 3*d = 50. Calculate the remainder when (-988)/(-20) + 6/d is divided by ((-2)/4)/((-2)/68).
16
Suppose 0*o + 2*o + 32 = 0. Calculate the remainder when (-2 + (-1 - -2))*o is divided by 6.
4
Suppose -5*d = -9*d + 124. Calculate the remainder when d is divided by 1*(1 - 0)*17.
14
Suppose 3*i + 5*w - 107 = 4*w, -5*w = -4*i + 149. Calculate the remainder when 139 is divided by i.
31
Let s = -56 + 86. Calculate the remainder when 87 is divided by s.
27
Let y(n) = 8*n**3 - 5*n**2 + 4*n - 1. Calculate the remainder when y(3) is divided by 62.
58
Suppose -5*w = -2*h - 0*h, 0 = 5*h. Suppose 0 = 5*l, w = z - 0*l - 3*l - 18. What is the remainder when z is divided by 10?
8
Suppose 0 = 23*w - 20*w. Suppose -5*m + 60 = 5*i, m + 4*i = -w*m + 24. Calculate the remainder when 23 is divided by m.
7
Suppose 8 = 3*y - 4. Suppose -y*b - 14 = -6. What is the remainder when b/(5/((-465)/6)) is divided by 16?
15
Let d = 193 - 135. Calculate the remainder when 172 is divided by d.
56
Let t be 1 + -4 - (3 + -1). Let z = t + 8. What is the remainder when 6 is divided by (10/z - 2)*3?
2
What is the remainder when 19 is divided by 10 - (0 - -2 - 0)?
3
Let o = 53 - 11. Let i = 20 - o. Calculate the remainder when (i/(-3) + -3)*9 is divided by 10.
9
Let z(l) = -l**2 - 11*l + 3. Let c be z(-11). What is the remainder when c/2*(-1408)/(-33) is divided by 17?
13
Let o = -33 - -46. What is the remainder when 497/21 - (-2)/6 is divided by o?
11
Let n(j) = j**2 + 3*j + 2. Let t be (-38)/4*(-3 + -1). Suppose -2*r + 8 = -t. Calculate the remainder when r is divided by n(-5).
11
Let s(x) = x + 4. Suppose 2 = t - 2. What is the remainder when s(6) is divided by t?
2
Suppose -2*r + 138 + 118 = 0. What is the remainder when r is divided by 44?
40
Let f(u) be the third derivative of u**6/120 + 7*u**5/60 - u**4/8 + u**3/2 - 3*u**2. What is the remainder when f(-7) is divided by 9?
6
Suppose 4*a - 20 = -0*a. Calculate the remainder when (39/4)/13*24 is divided by a.
3
Let h(w) = -w**3 - 9*w**2 - 6. Let q be h(-9). Let p = q + 13. Let f = 17 - -2. Calculate the remainder when f is divided by p.
5
Let g = -69 + 72. What is the remainder when 7 is divided by g?
1
Let z(a) = -3*a - 9. Let p = 10 - 6. Calculate the remainder when p is divided by z(-4).
1
Suppose -5*m + 3*z = -48, 3*z + 27 + 3 = 3*m. Suppose 5*f + 12 - 187 = 0. Calculate the remainder when f is divided by m.
8
Let z = -2 - -47. What is the remainder when 34 is divided by z/2*(-8)/(-10)?
16
Let w = 52 + -42. Calculate the remainder when (-2 + -7)/(2/(-4)) is divided by w.
8
Let f = -41 + 83. What is the remainder when f is divided by 25?
17
Let x(u) = 2*u + 5. What is the remainder when 40 is divided by x(8)?
19
Suppose 2*b = -3*b + 10. What is the remainder when (1 - -4) + 3 - 3 is divided by (2 + -1)/(b/6)?
2
Suppose 0*v + 20 = 4*v. Suppose 2*c - h - 59 = 0, -2*h = -v*h - 3. Suppose r + 0 + 1 = 0, 5*n - 76 = r. What is the remainder when c is divided by n?
14
Suppose g = -2 - 1. Suppose -4*q + a = -37, q + 3*q - 25 = 5*a. Calculate the remainder when (-2 + g)*(-76)/q is divided by 13.
12
Suppose -3 = -v - 1. Suppose 0*r - z = -5*r + 7, 5*z + 11 = r. Calculate the remainder when (v/4)/(4/16) is divided by r.
0
Let r = 34 - 28. What is the remainder when 11 is divided by r?
5
Let u(x) = x**2 + 4*x - 7. Suppose 4*t - 5*t + 13 = 0. Calculate the remainder when t is divided by u(-6).
3
Let c(t) = -t**2 + 7*t + 12. Suppose 47 = 4*b + 5*k, -2*k = 2*b - 7*k - 1. Let h(a) = a - 3. Calculate the remainder when c(b) is divided by h(5).
0
Let w(r) = -r**3 + 3*r**2 + 4*r + 2. Let l be w(4). Suppose l*v - 8 = v. Calculate the remainder when v/44 - (-108)/11 is divided by 6.
4
Suppose k - 3*s = 8 + 15, 0 = -4*k - 3*s + 137. What is the remainder when 94 is divided by k?
30
Suppose 2 = -j, 3*j + 9 = 2*n - 5. What is the remainder when 24/n + (-1 - -4) is divided by 5?
4
Let f = 1 + 3. Let m = 8 - f. Calculate the remainder when 31 is divided by 2 + 0 - (-36)/m.
9
Let a(k) = k**2 - k + 7. Suppose -4*w = 3*p - 83, 0 = -5*p + 4*w - 3*w + 169. Let g = p - 19. What is the remainder when a(5) is divided by g?
13
Suppose -k = -4*k + 45. What is the remainder when 26 is divided by k?
11
Suppose -2*h + 3 = 2*a - a, 5*h = -4*a + 12. Let w(g) = g**3 - 2*g**2 - g - 3. Calculate the remainder when ((-6)/(-18))/(1/12) is divided by w(a).
1
Suppose 11 = 5*i - 14. Suppose 0 = z + 1, -2*s = -0*s + i*z - 35. Calculate the remainder when 59 is divided by s.
19
Let y(r) = -r**3 + 7*r**2 - 2*r + 4. Let b be y(6). Suppose -5*g - 3*l + b + 64 = 0, -2*l + 88 = 5*g. What is the remainder when g is divided by 9?
7
Suppose 12 = w + 3*w. Suppose -h = 2*d - 8, -w*d + h + 18 = 1. Let k = 16 - 13. Calculate the remainder when d is divided by k.
2
Suppose 4*y + 0*l - 3*l - 1 = 0, -y - l + 9 = 0. Suppose -f = y*u - 21, 0 = -u - f + 5*f + 1. Calculate the remainder when 24 is divided by u.
4
What is the remainder when 36 is divided by 26*(25/(-10) + 3)?
10
Suppose -12*z = -14*z + 32. What is the remainder when 61 is divided by z?
13
Let f(d) = d**2 + 10*d - 4. Let q be (1 + -3)/(-2) + -12. Calculate the remainder when 13 is divided by f(q).
6
Let h = 76 + -42. What is the remainder when h is divided by 9?
7
Let x(n) = 2*n**3 - 3*n**2 - 3*n + 3. Calculate the remainder when 41 is divided by x(3).
20
Suppose 10 = 4*w - 10. Let a(d) = 2*d**2 - 7*d - 2. Calculate the remainder when a(w) is divided by 7.
6
Calculate the remainder when 11 is divided by -